t, -o = 2*t - 30. Calculate the remainder when 59 is divided by o.
29
Let k be (-14 + 14)/((-2)/(-2)). Suppose -3*f - f + 40 = k. Suppose v - 9 = f. Calculate the remainder when v is divided by 11.
8
Let p(x) = 4*x**2 + 3*x - 1. Let d(v) = 43*v**2 + 3*v - 2. Calculate the remainder when d(1) is divided by p(-2).
8
Suppose 5*a = 2*s + 96, 3*a = 3*s - 8*s + 70. Suppose 0 = 5*i - 0 + a, 0 = -4*o - 3*i + 24. Let q = 114 - 63. What is the remainder when q is divided by o?
6
Suppose -32 = -2*n - 2*n. Suppose 2*p = -2*z - 82, -p + 4*p + 5*z = -133. Let k = -13 - p. What is the remainder when k is divided by n?
7
Suppose 51*i + 5*i = 840. Let m(d) = -12*d - 13. Calculate the remainder when m(-11) is divided by i.
14
Let v be (2 + 0)/2*105. Suppose 1037*m = 1032*m + 30. Suppose -m*k = k - v. What is the remainder when 42 is divided by k?
12
What is the remainder when (-8)/(-88)*438 + (-4)/(-22) is divided by 16?
8
Let n = 882 + -411. Calculate the remainder when n is divided by 79.
76
Suppose -29 = -s - 6. Suppose s*l - 20*l = 18. Let c = -2 + l. Calculate the remainder when 6 is divided by c.
2
Let i = -60 - -50. Let j(u) = -6*u - 34. What is the remainder when 101 is divided by j(i)?
23
Suppose 26 = t - 2*c, 3*c + 0 = 3. Let w(s) = -s**2 + 7*s + 1. Let k(b) = 2*b - 3. Let f be k(4). Calculate the remainder when t is divided by w(f).
6
Let k = -11 + 37. Let f = 80 - k. Calculate the remainder when f is divided by 16.
6
Let o = -6 + 14. Let q be ((-52)/(-6))/((-1)/(-3)). Suppose -4*w = -6*w + q. What is the remainder when w is divided by o?
5
Let w(d) = 3*d + 21. Let v be w(15). Let g = 45 + v. What is the remainder when g is divided by 28?
27
Suppose 2*y - 108 = 5*x, 5*y - 2*x - x - 289 = 0. What is the remainder when y is divided by 1/5 - (-198)/10?
19
Suppose 4*o - 150 = o. What is the remainder when o is divided by 11?
6
Let h be (-176)/(-18) + -4 - (-4)/18. Calculate the remainder when 62/6 + (-1)/3 is divided by (6 + (-21)/2)*(-4)/h.
1
Suppose -10*m + 125 = -15. What is the remainder when 44 is divided by m?
2
What is the remainder when 27989/117 - ((-33)/(-27) + -1) is divided by 16?
15
Let d = 185 + -155. What is the remainder when 146 is divided by d?
26
Let p(w) = w**3 - 11*w**2 + 5*w - 11. Calculate the remainder when p(12) is divided by 28.
25
Let o = -17 + 41. Let f(t) = t**3 + 7*t**2 - 3*t - 9. Suppose 3*g = g - 12. What is the remainder when f(g) is divided by o?
21
Let y(u) = u**2 + 3*u + 9. Calculate the remainder when 136 is divided by y(-7).
25
Suppose 6*d + 5 = 77. Suppose z = d*z - 726. What is the remainder when z is divided by 17?
15
Suppose -2 = 4*h + 18. Calculate the remainder when 12/(-30) - (72/h)/1 is divided by 6.
2
Let k = -61 + 86. Suppose 179 + 113 = 4*s. Calculate the remainder when s is divided by k.
23
Let o = -48 + 76. Suppose -5*z + 124 = 3*v, -2*z + 3*z = v + o. Let a = z + -8. Calculate the remainder when a is divided by 7.
4
Suppose -3*b = 3*l + 18 - 51, 2*l - 18 = -4*b. What is the remainder when 127 is divided by l?
10
Calculate the remainder when (2 - -112) + (-175)/(-25) is divided by 3.
1
Suppose -5*t - 34 = -3*c + 13, -5 = 5*t. What is the remainder when (-163 - 1)*(-12)/24 is divided by c?
12
Let v = 104 + -86. Suppose 0*h + 172 = 5*s - h, -2*h = 4*s - 146. What is the remainder when s is divided by v?
17
Let d = 404 + -392. Suppose 4*w - 168 = 12. What is the remainder when w is divided by d?
9
Calculate the remainder when 431 is divided by 646/24 + (370/120 - 3).
26
Let z be 1/3 - ((-38)/(-6) + -4). What is the remainder when ((-27)/z)/(5*8/880) is divided by 50?
47
Suppose -3*g - 4*d + 75 = -17, g = -4*d + 44. Suppose -3*b = -0*b - g. Suppose -b = -w + 10. What is the remainder when 51 is divided by w?
15
Suppose 3*z - 7 = -4*s + 3, 2*s + 50 = 4*z. Suppose k - 24 = -2*g + 37, 5*k - 5 = 0. Calculate the remainder when -4*1/2 + g is divided by z.
8
Suppose 2*l = -0*l + 18. Let w = 217 + -201. What is the remainder when w is divided by l?
7
Suppose v - 18 + 13 = 0. Suppose 2*w + 230 = 5*j + v*w, 211 = 4*j - 3*w. What is the remainder when j is divided by 201/12 + 1/4?
15
Let q be 175/28 - (-3)/(-12). Suppose 0 = -q*g + 5*g + 44. Calculate the remainder when g is divided by 9 - 9 - (-15)/1.
14
Let i = 24 + -53. Let h = 39 + i. What is the remainder when 47 is divided by h?
7
Let q = 2 - -38. Let k be -4 + ((-8)/(-36) - (-183)/27). Suppose -k*o + 88 = 4*v + 2*o, -o = 5*v - 110. What is the remainder when q is divided by v?
18
Let w(k) = 2 + 68*k**3 - 2*k - 3 - 239*k**3. Let o be w(-1). Suppose 0*u - 2*u = -o. Calculate the remainder when u is divided by 22.
20
Calculate the remainder when (122 + -2 - 7) + 5 is divided by 22.
8
Let j = 553 - 524. Suppose o = -4*o + 55. What is the remainder when j is divided by o?
7
Let r = -241 - 6. Let m = -167 - r. Calculate the remainder when m is divided by 12.
8
Let j = -13 - -93. Let n = j + -73. What is the remainder when 68 is divided by n?
5
Let c(k) = 17*k**3 + 5*k**2 - 37*k + 131. Calculate the remainder when c(4) is divided by 16.
15
Suppose 3*a - 9 = -g, 6*a - 5*a - 7 = g. Suppose -3*o = -29 - 16. Calculate the remainder when o is divided by 10 + 0 + 3 - a.
6
Suppose 3*s = 4*w + 809, -18*w + 528 = 2*s - 15*w. Calculate the remainder when s is divided by 130.
7
Suppose 2*i = 4*j - 3*j - 251, 4*j - i = 1004. Calculate the remainder when j is divided by 42.
41
Let k = 1234 + -1098. Calculate the remainder when k is divided by 21.
10
Calculate the remainder when 269 is divided by (-4)/(-4) - (10 + -104).
79
Let w(x) = x - 10. Let c(l) = 1. Let n(o) = -4*c(o) - w(o). Let y be n(-14). Calculate the remainder when y/(-6)*(-45)/6 is divided by 9.
7
Let u be 24/156 - (-4)/(-26). Suppose u = 3*p - 0*p + 5*n - 45, 6 = 2*n. Let f = p + -2. What is the remainder when 23 is divided by f?
7
Let m be (-2)/(4/(-6)) + 5. Let l(v) = v**2 - 3 + m + 22. Calculate the remainder when l(0) is divided by 7.
6
Let x = 2 - 6. Let w be (1 + (-2)/x)*-6. What is the remainder when 91 is divided by (-1045)/(-45) - (-2)/w?
22
Let z = -8 + 6. Let c be (-1)/z*(4 - -62). Suppose -5*l = -32 - c. What is the remainder when 37 is divided by l?
11
What is the remainder when (138 - 243)*(-10)/7 is divided by 69?
12
Let a(d) = -d**3 + 10*d**2 + 2*d - 37. Calculate the remainder when 105 is divided by a(5).
7
Suppose 2*l = -4*a + 18, -3*a = -2 + 8. Suppose 2*q + 3 = l. Suppose 2*i + 2 = 0, d - q*i - 29 = -3*d. What is the remainder when 8 is divided by d?
2
Let k = 12 - -16. Let x = k - 13. Calculate the remainder when 25 is divided by x.
10
Suppose -65*x + 171*x - 212 = 0. Calculate the remainder when 22 is divided by x.
0
Let m = 35 - 26. Let x(g) = -22*g**3 + g**2 + 3*g + 2. What is the remainder when x(-1) is divided by m?
4
Let b(p) = 3*p**2 + 11*p - 34. What is the remainder when b(-11) is divided by 19?
18
Let w(v) = v**2 + v - 4. Suppose 0 = a - 27*a + 156. Calculate the remainder when a is divided by w(-3).
0
Let o(c) = 17*c + 1. Calculate the remainder when 823 is divided by o(6).
102
Let z = -65 - -68. Suppose -5*b - m + 12 = -218, 2*m = z*b - 151. Calculate the remainder when b is divided by 25.
22
Let b(u) = -5*u - 26. Let p be b(-6). Suppose 5*n - 2*n + p*d - 31 = 0, d = -2*n + 19. What is the remainder when n is divided by 4?
1
Let b be 15/(-4) + (-1)/4. Suppose 2*m - 5*k + 2*k = 15, m = -3*k + 3. What is the remainder when 17 is divided by 64/6 + b/m?
7
Let a = 499 - 487. Let v(h) = -h**3 - 6*h**2 + 2. Let c be v(-6). Calculate the remainder when -9*c/6*-11 is divided by a.
9
Let v(k) = 6*k**2 - 3*k + 6. Let u(z) = 7*z**2 - 4*z + 7. Let d(j) = -4*u(j) + 5*v(j). Calculate the remainder when d(-8) is divided by 41.
40
Suppose -m + 3*m + 78 = 2*u, -m + 97 = 3*u. Suppose s = -5, s - 2*s + u = 3*k. Calculate the remainder when 48 is divided by k.
9
Let s(q) = 7*q**3 - 2*q**2 + 1. What is the remainder when -15*(8/(-5) + 3/3) is divided by s(1)?
3
Suppose 5*o - 2*q - 3 = -5, 4*q - 4 = 3*o. Let v(i) = -i**3 + i**2 - 2*i + 5. What is the remainder when 24 is divided by v(o)?
4
Let u = -27 + 50. Let q(p) = 2*p + 17. Calculate the remainder when q(14) is divided by u.
22
Let o(s) = s**2 + 6*s + 19. Let b be o(-3). Suppose -5*u = -b*u + 70. Calculate the remainder when 65 is divided by u.
9
L